of a(f)?
2, 3
Let c = -66 + 102. Let h be 1 + c/(-2 + 5). Let w = -7 + h. List the prime factors of w.
2, 3
Let a(k) be the first derivative of -5*k**4/2 - k**3/3 + 1. Let j be -6*2/4 + 2. What are the prime factors of a(j)?
3
Let x = -29 - -13. List the prime factors of (x/48)/(1/(-111)).
37
What are the prime factors of (2/4)/((-4)/8)*-75?
3, 5
Let a(q) = -22*q**3 + 2*q - 1. Let w be a(1). Let t = 27 + w. List the prime factors of t.
2, 3
Suppose 2*u = 2*f - 0*u + 20, -5*u = -2*f - 11. Let p = 18 + f. Suppose 16 = p*q - 29. What are the prime factors of q?
3
Let s be 2/8 + (-205)/20. List the prime factors of (3 - s/(-3))*-51.
17
Let a(y) = -y**2 + 11*y - 7. Let n be a(10). Suppose -139 = -5*u + l - 4*l, 64 = 2*u - n*l. List the prime factors of u.
29
Let v(a) = -a**2 - 4*a + 2. Suppose 3*o + 16 = -o. Let z be v(o). List the prime factors of 0/(5 - z) + 5.
5
Let u = -2 + 1. Let b(c) = 9*c**2 + 5*c**2 + c - 4*c**3 - 12*c**2. List the prime factors of b(u).
5
Suppose 120 = n + 2*n. Suppose 2*k = k - 5*v - 31, -5*k - n = 2*v. List the prime factors of 8/2 + k/(-6).
5
Let w(i) = 12*i + 5. What are the prime factors of w(4)?
53
Let r(p) = p**2 + 5*p - 3. Let k be r(-6). Suppose -70 = k*b - 8*b. Suppose c - 3*c = -b. What are the prime factors of c?
7
Let f = 11 - 8. Let a be (1/2)/(f/72). Let k = a - 6. What are the prime factors of k?
2, 3
Let l = 1 + 3. Let h(z) = z**3 - 4*z**2 + 2. Let x be h(l). Suppose -4*j + 4 = -x*j. List the prime factors of j.
2
Let n(p) = 8*p + p**2 - 2*p - 5 + 0*p. What are the prime factors of n(-7)?
2
Let b = -129 + 231. Suppose 0 = 3*s + 3 - b. List the prime factors of s.
3, 11
Let f(m) be the second derivative of m**3/6 + 19*m**2/2 + 4*m. What are the prime factors of f(0)?
19
Suppose -4*o = f + 13, -3*o = 2*f + 2*f + 39. Let p be (2 + -1)/(1/13). Let u = f + p. List the prime factors of u.
2
Suppose 5*o - 5 = 4*o. Suppose 24 = -4*f + o*f. List the prime factors of f.
2, 3
Suppose -2*c - 28 = 2*c. Let i(y) = y**2 + 4*y + 9. Let m(t) = -2*t**2 - 9*t - 17. Let v(a) = -5*i(a) - 3*m(a). List the prime factors of v(c).
2, 3
Let b(h) = h + 7. What are the prime factors of b(15)?
2, 11
Suppose 12 = -w + 3*w. Suppose -4*o = j - 2*o - 15, 0 = -3*o + w. Suppose -5*k + 64 = -j. List the prime factors of k.
3, 5
Let u be (10/(-25))/((-2)/10). Suppose -b + a - 5*a - 44 = 0, 4*b = u*a - 140. Let l = -19 - b. What are the prime factors of l?
17
Suppose x + 18 = 3*z + 5*x, -3*z + x + 3 = 0. What are the prime factors of (-7)/((-3)/12*z)?
2, 7
Suppose -t - 3*t = 5*y - 25, -5*y + 15 = 2*t. Let g = 30 + y. List the prime factors of g.
31
Suppose -2*s = -5*s - 15. Let v = s + 9. Suppose -j - v*b = -23, -2*j - 5 - 14 = -5*b. List the prime factors of j.
3
Suppose 5*n - 3*z - 795 = 0, -3*z + 408 = 4*n - 228. List the prime factors of n.
3, 53
Let s(g) = 5*g**2 - 1. Let a be s(1). Suppose 2*z + 154 = a*q, -2*q = -3*q - z + 31. What are the prime factors of q?
2, 3
Suppose -3*k = -2*k - 6. Let u(l) = -l + 1. Let r be u(3). Let f = k + r. List the prime factors of f.
2
Let s = -1 + 13. Let c = 20 + -14. List the prime factors of (-2)/c + 148/s.
2, 3
What are the prime factors of (-2)/(-5)*148 + (-2)/10?
59
Suppose -z - 7 = -5*c + 5, c + 5*z - 18 = 0. Suppose 4 = c*a - a. Suppose o + 24 = a*m - 4*o, -4*o = -5*m + 60. List the prime factors of m.
2, 3
Let b = -9 + 19. Let j = b + -4. List the prime factors of j.
2, 3
Let f(w) = -w. Let u be f(-2). Let o(s) = s**3 - 7*s**2 + 4*s - 10. Let a be o(7). What are the prime factors of (u - a)*(-2 - -1)?
2
Suppose -81 = 5*i - 241. What are the prime factors of i?
2
Let z = -23 - -27. List the prime factors of z.
2
Suppose -5*m + 9 = -46. Let w = -7 + m. List the prime factors of w.
2
Let d(f) = f - 3. Let z be d(3). Let q = z + 3. Suppose -q*o - 3*r = -33, -29 = -2*o - 2*o + r. List the prime factors of o.
2
Let q(c) = c**2 + 4*c + 6. Let d(u) = -u**3 - 4*u**2 + u - 2. Let j be d(-4). Let l be q(j). Let k = l - 7. What are the prime factors of k?
11
Let k = -102 + 188. List the prime factors of k.
2, 43
Let f = 9 - 4. Suppose -y = -5*l + 34, 0*y + 5 = f*y. Suppose 5*j - 13 - l = 0. What are the prime factors of j?
2
Suppose q + q - 36 = -2*z, 4*z - q - 57 = 0. Let n = -8 + z. List the prime factors of n.
7
Let s(h) = -4*h**3 + 4*h**2 + 5*h + 7. What are the prime factors of s(-3)?
2, 17
List the prime factors of 114/5*(-15)/(-6).
3, 19
Suppose 0 = -7*g + 9*g - 20. List the prime factors of g.
2, 5
Let k = -72 + 115. List the prime factors of k.
43
Suppose 3*i = -5*y + 2 + 5, 0 = 5*i + 4*y - 3. Let j(f) = -5*f**3 + f**2 + f + 1. What are the prime factors of j(i)?
2, 3
Suppose 2*n + 52 = -2*n. Let o = -58 + 35. Let s = n - o. List the prime factors of s.
2, 5
Let p = -3 + 7. Suppose p = -i + 2*i. Let w = i + 0. List the prime factors of w.
2
Let m = -11 - -6. Let t = -3 - m. What are the prime factors of (0/t)/3 + 4?
2
Let b = 13 - 7. Suppose -2*p = -b, -2*y + 4*p = 1 - 31. List the prime factors of y.
3, 7
Let a(y) = 10*y + 5. Let k be a(4). Suppose 5*n + k = 145. List the prime factors of n.
2, 5
Suppose 4 = 2*x + 5*t, -3*x - 13 - 27 = -4*t. Let i(d) be the third derivative of -d**4/24 + 7*d**3/6 + d**2. What are the prime factors of i(x)?
3, 5
Suppose -6*r + 4 = -4*r. List the prime factors of r/(-6)*(-258)/2.
43
Suppose 6*c + 5*d = 3*c - 10, -2*c + 3*d = -25. Suppose 12 = c*z - 13, -2*u + z + 63 = 0. List the prime factors of u.
2, 17
Suppose 5*g = 3*p - 0*g - 4, 0 = 4*p - 4*g - 8. List the prime factors of p.
3
Let y be (-388)/(-6)*18/12. Let h = y + -69. List the prime factors of h.
2, 7
Let j = -8 + 14. List the prime factors of (10/j)/(2/6).
5
Suppose 11 = -k + 1. Let a = -3 - k. What are the prime factors of a?
7
Suppose -w = 4*g - 78, 6*w - 2*w = -8. Let v = 41 - g. What are the prime factors of v?
3, 7
Let k(v) = -33*v + 2. Let w(a) = 16*a - 1. Let x(j) = 3*k(j) + 5*w(j). What are the prime factors of x(-1)?
2, 5
Let n be (2/(-6))/(2/(-90)). Suppose -g + n = 4*g. Suppose -2*p = -3*p + g. List the prime factors of p.
3
Suppose 0 = 5*d + 2 + 33. Let o = 26 + d. List the prime factors of o.
19
Let o = 353 - 161. List the prime factors of o.
2, 3
Suppose 4*i - 5*j - 10 = 0, -i - 4*i - 6 = 3*j. Suppose c - 23 - 5 = i. List the prime factors of c.
2, 7
What are the prime factors of (-390)/(-8) + (-1)/(-4)?
7
Suppose -48 = 2*l - 5*l. List the prime factors of l.
2
Let i be 2/(-4)*(2 + 4). Let s = i - -14. List the prime factors of s.
11
Suppose -15 + 51 = 4*h. Let u be (-38)/h + 2/9. What are the prime factors of ((-1)/3)/(u/132)?
11
Let h = -2 - -4. Let k(q) = 11 - 5*q**2 + 3*q**2 - q**3 + 10*q**h. What are the prime factors of k(8)?
11
Suppose -4*x + 14 = 2*n - 306, n - 162 = -x. What are the prime factors of n?
2, 41
Suppose 68 = n + 6. What are the prime factors of n?
2, 31
Let n(r) = -r**2 - 3*r - 1. Let t be n(-1). List the prime factors of t + 48 + 6 + -2.
53
Suppose 92 = -16*z + 1868. List the prime factors of z.
3, 37
Let n(x) = x**2 - x + 3. Let f be n(0). Let d(u) = -4*u**3 + 5*u + 5*u**2 - u**2 + 3*u**3 - f. What are the prime factors of d(4)?
17
Suppose -3*w = -w + 22. Suppose 6 = o - 12. Let j = o + w. What are the prime factors of j?
7
Suppose 4 = -2*b, -4*g - 5*b + 19 = -23. Let q = g - 19. What are the prime factors of -2*(-1 - (-21)/q)?
3
Let m = 71 - 42. List the prime factors of m.
29
Suppose -6 = -0*u + 3*u, -4*g = -3*u - 98. List the prime factors of g.
23
Suppose -2*h - 5*j + 13 = -2, -12 = -4*j. Suppose h = -k - 3 + 28. Suppose 0 = 7*g - 2*g - k. List the prime factors of g.
5
Suppose w + 201 = 5*o, 3*o - 90 = o - 2*w. What are the prime factors of o?
41
Suppose -5*t = -22 - 3. Let l be (-5)/t*0/2. Suppose -2*d = 3*j + 4, l = 2*j - j + 3*d + 13. What are the prime factors of j?
2
Suppose 0 = -6*l + 215 + 271. What are the prime factors of l?
3
Suppose 0*l = l - 5. Suppose -a = 4 - l. Let o = 5 + a. List the prime factors of o.
2, 3
Suppose -k = 4*k - 35. Suppose -b + 4*n + 7 = -k, 4*n + 50 = 3*b. List the prime factors of (-10 - -7) + b + 1.
2
Suppose -n - 2*n = -369. Suppose n = 6*a - a - 3*c, 2*c = -5*a + 118. List the prime factors of a.
2, 3
Let d = 11 + -6. Let t(n) = -n**3 + 7*n**2 + 4*n - 4. Let g be t(d). List the prime factors of g/10 + (-4)/(-10).
7
Suppose